c = 367 + k. What is b(c)?
-4
Let l(y) = 3*y**2 - 6*y**3 - 28*y + 2 - 46*y - 16*y + 86*y. Give l(2).
-42
Let i(l) = l**3 - 6*l**2 - 2*l + 7. Suppose -3*o = 2*o - 35. Suppose 3*b - r = 4*b - o, 0 = -2*b + r + 23. Suppose -b = -k - 4. Determine i(k).
-5
Suppose 28*q = 10*q - 6353 + 6299. Let i(r) = -2*r - 17. Calculate i(q).
-11
Let b be (77 + 0 + 6)*1. Let m(v) = 3 - 84*v - 235*v**2 + b*v + 236*v**2. What is m(3)?
9
Let n = 392 - 359. Let o be 28/154 - 6/n. Let k(f) = f**3 + f**2 + 2*f. Give k(o).
0
Let r(s) = -11*s + 196. Let i = 13622 + -13604. What is r(i)?
-2
Let a(r) = -4*r + 1. Let m(d) = 1 - 2*d - d + 5*d - 3*d. Let p be (9 - 171/18)*-2. Let l(z) = p*a(z) - 2*m(z). Give l(-2).
3
Let x(q) = q**3 - 18*q**2 - 37*q + 22. Let z(j) = 4*j**3 - 72*j**2 - 154*j + 87. Let f(t) = -25*x(t) + 6*z(t). Give f(18).
-10
Suppose 2*n - 26 = 2*d, -86 - 23 = -9*n + 5*d. Let v(i) = 3*i - 4*i + 6 + 10. Give v(n).
5
Suppose 2495*b - 2591*b = 0. Let h(s) = -s**2 - 8*s - 40. Determine h(b).
-40
Let v = 11087 + -11070. Let n(b) = -8*b + 152. What is n(v)?
16
Suppose 0*x - 3*n = -x + 13, -5*x + 2*n + 52 = 0. Let u(i) = i + 1. Let k be u(3). Suppose -k*g - 22 = -x. Let y(o) = o**2 + 5*o + 4. Determine y(g).
-2
Let v = -9 - -5. Let j(z) = 2*z**2 - 3*z + 4*z - 5543 - 3*z + 5541. Give j(v).
38
Let f(o) = 58*o. Let z = 21953 - 21952. Calculate f(z).
58
Let z(n) = n + 4. Let f(c) = -c - 4. Let w(m) = 4*f(m) + 5*z(m). Suppose -98*r + 138*r = 0. What is w(r)?
4
Let w(g) be the second derivative of -g**4/12 - 4*g**3/3 + 21*g**2 + 6313*g + 1. Determine w(-10).
22
Let d(y) = -5*y**2 + 8*y + 13. Let t(k) = -19*k**2 + 35*k + 56. Let i(s) = 26*d(s) - 6*t(s). Calculate i(1).
-16
Suppose 239 = -5*t + 294. Suppose 297*v = 308*v - t. Let n(k) be the first derivative of -5*k**3/3 - k**2 + k + 1. Determine n(v).
-6
Let m(k) = k**3 - 50206*k - 3*k**2 + 7 + 5*k**2 + 50205*k - 8*k**2. What is m(5)?
-23
Let a(s) = s**2 + 11*s + 9. Suppose 0 = 4*y + 2*n - 12, 3*y = -0*n - 4*n + 14. Let q be 8/(-16) - (-1)/y. Let i be (q - (-2 - -3)) + 4 - 14. Give a(i).
9
Let t(o) = -o**3 - 7*o**2 + 5*o + 19. Let l(b) = -b**2 - 161*b - 937. Let g be l(-6). Give t(g).
-16
Suppose 8*t + 74 = 186. Suppose 17*y = t*y - 15. Let s(m) = -m**2 - 3*m + 4. Determine s(y).
-6
Let d(h) = h**2 + 9*h + 9. Let b(v) = -v**2 + 0*v**2 + 1 + 35*v + 2*v**2 + 116. Let c be b(-31). Give d(c).
-5
Let r = -4529 + 4524. Let s(z) = -z**2 + 2*z - 1. Calculate s(r).
-36
Suppose 56 - 14 = 3*n. Suppose 22 = n*l - 3*l. Let o(f) be the third derivative of -f**6/120 + f**5/60 + f**4/24 + f**3/6 + f**2. Determine o(l).
-1
Let w(i) = 92454 - i**2 - i - 8*i - 92453. Determine w(-4).
21
Let z(i) = 451*i**3 - i**2 + 7*i - 6. Let q be z(1). Let o = -449 + q. Let a(v) = -2*v**3 + 2*v**2 - v - 1. Determine a(o).
-11
Let b(f) = 55*f - 3*f**2 - 44 + 2*f + 14*f. Let k be b(23). Let r(y) = -8*y + 1. Give r(k).
-15
Let t = 50188 + -50182. Let y(b) = -2*b + 7*b**2 + 3 + 0*b + 0 + 0*b. Let j(c) = -8*c**2 + c - 4. Let s(v) = 6*j(v) + 7*y(v). What is s(t)?
-15
Let f(y) be the second derivative of y**5/10 + y**4/4 - 5*y**2/2 - 13999*y. What is f(0)?
-5
Let d(s) = s**3 + 21*s**2 - 2*s + 36. Let u(c) = -3*c**3 - 54*c**2 + 7*c - 108. Let h(a) = -8*d(a) - 3*u(a). Calculate h(6).
6
Suppose -2*q = -5*a - 0*q, 0 = 2*a - 2*q - 6. Let b(d) be the first derivative of -5*d**3/6 - d + 5. Let c(i) be the first derivative of b(i). Determine c(a).
10
Let x(w) = -w**2 - w**2 + 4*w**2 - 4*w**2 + 26*w - 18*w - 2. Calculate x(3).
4
Let z(d) be the third derivative of -d**6/120 + d**5/12 - 5*d**4/24 + d**3/3 - 542*d**2. Let y be (-2)/6*-1 - 96/(-36). What is z(y)?
5
Let j be 10*(162/(-30) + 5). Let l(o) = -o**2 - 3*o + 4. Let k(h) be the first derivative of -h**2/2 - 8. Let z(x) = 3*k(x) - l(x). Give z(j).
12
Let k = -133645 + 133645. Let g(m) = -m**2 - 32 + m + 24 - 40. Determine g(k).
-48
Let r = -61 + 64. Suppose -a + 3*k - 6*k = -1, 2*k + 14 = r*a. Let b(w) = -17 - 17 + a*w - w**2 + 36. Calculate b(4).
2
Let p(c) be the third derivative of 0*c + 4/3*c**3 - 1/24*c**4 + c**2 + 0. Suppose 3*t + 3 = 3*i - 30, -3*t + 2 = 2*i. Calculate p(i).
1
Suppose y - 8*l = 2*y - 7*l + 9, -2*l = 0. Let d(n) = -n**2 - 36*n - 239. Give d(y).
4
Let m(p) = -13*p + 36. Let r(z) = -8*z + 24. Suppose -48 = -11*i + 5*i. Let u(o) = i*r(o) - 5*m(o). Determine u(-15).
-3
Let s(u) = 70*u + 2455. Let d be s(-35). Let t(c) be the second derivative of -1/20*c**5 - d*c + 0 + c**4 - 5*c**2 + 1/6*c**3. Calculate t(12).
2
Suppose 5*l - 44 = 4*q, 0 = -4*q + 2*q - 5*l + 8. Let s be -6*-1*(-5)/q. Let f(c) = -c**3 + 12 + 2*c**2 - c**2 - s*c**2 - 3*c**2 + 9*c. Calculate f(-8).
4
Let q(s) = -s**2 - 57*s - 244. Let l be q(-5). Let n(a) = -7*a + 130. What is n(l)?
18
Suppose -151*j + 161*j = 0. Suppose 4*p + 11 = -5*y - 11, j = -5*p - 15. Let h(n) = -2*n**3 + n**2 + n + 2. Determine h(y).
20
Let d(f) be the second derivative of -f**4/12 + 3*f**3/2 - f**2 + 3*f - 20. Suppose 2 = -5*t + 22, -w - 3*t = -20. Calculate d(w).
6
Let o(l) = -2*l - 35. Let c be (13 - 804/60)*55. Give o(c).
9
Let w(c) = c**3 - 6*c**2 - 8. Suppose 24*t + 29*t - 159 = 0. Let d = 9 - t. Calculate w(d).
-8
Let h(p) = -2*p + 2. Suppose -2*j + 3*j + g - 4 = 0, 0 = 5*j + 3*g - 28. Suppose 0 = -2*q - 2*q + j. Determine h(q).
-2
Let t(c) = 153*c + 8880. Let m be t(-58). Let v(k) = -7*k**2 + 19*k - 1. Determine v(m).
-139
Let a(c) = -2*c - 7. Suppose 23*w - 26 = 112. Let h be (-46)/(-23) - (w - 1). Give a(h).
-1
Let y(m) = -m**3 - m**2 - 5*m - 6. Let j(r) = -r**3 - r**2 - 3*r - 5. Let u = 318 - 322. Let a(q) = u*j(q) + 3*y(q). Give a(1).
1
Let c(a) = -4 + 0*a - 2*a**2 - a + 4*a - 2*a**3. Suppose 4923*k - 4935*k = 36. What is c(k)?
23
Suppose 5*k - 84 = -b, -5*k + 2*b + 30 = -4*k. Let h(r) = r**3 - 17*r**2 - 22*r - 11. Calculate h(k).
-83
Let m(d) = 0*d**2 + 150 + 5*d**2 + 62*d + d**2 - 139. What is m(-10)?
-9
Suppose 0 = 2*t + 3*h - 68, 22*t - 17*t + 8*h = 173. Let g(x) = 4*x - 99. Determine g(t).
1
Let r(a) = -3*a**2 - 5*a + 3. Let m be ((-1 - 0) + -1)*74 + 3. Let v = -138 - m. Let c(d) = -5*d**2 - 10*d + 6. Let l(h) = v*r(h) - 4*c(h). Determine l(5).
-3
Let j(g) = -12*g + 38. Let x(h) = -10*h + 36. Let c(o) = -6*j(o) + 7*x(o). Determine c(-9).
6
Let c = 2761 + -2768. Let j(f) = -f**3 - 9*f**2 - 17*f - 15. What is j(c)?
6
Let u(o) = 2*o**2 + 7*o - 8. Let h be -1*(3 - -1 - 12). Let r be u(h). Let w(p) = p**3 - 3*p - 176 - 3*p**2 + p + r. Calculate w(3).
-6
Let l(h) = -h**2 - 3*h. Let j be l(-1). Let f(o) = -15*o**3 + 3*o**j - 1 - 2*o**2 + 9*o**3 + 5*o**3. Let c = -11 + 12. What is f(c)?
-1
Let k(v) = -4*v - 54. Suppose 12 = 2*h - 5*m, -136*m + 34 = -3*h - 135*m. Calculate k(h).
2
Suppose -126 = -5*b - 3*h, -6*b + 4*b + 42 = -3*h. Suppose 0 = -231*s + 225*s + b. Let y(l) = l**2 + 5*l. Give y(s).
36
Let y(p) = -p**2 - 56*p - 529. Let f = -7181 - -7137. Give y(f).
-1
Let w(c) = 11*c**3 - 15*c**2 + 3*c + 14. Let b(a) = -3*a**3 + a**2 - 2*a. Let r(x) = 3*b(x) + w(x). Calculate r(6).
-4
Let s = -32 + 4. Let k = -60 - s. Let n = 33 + k. Let q(z) = 10*z**2 - 2*z + 1. Determine q(n).
9
Let z be (3 - 1)/(24/(-240)). Let v(g) = 2*g**2 + 58*g + 352. Give v(z).
-8
Let i(v) = -v**2 + v + 27. Suppose -35*j + 31*j = -g - 11, 3*j - g = 8. Suppose -4*m = -j*l + 16, -3*l - 30*m + 33*m + 12 = 0. Determine i(l).
27
Let w(m) = m**2 + 30*m - 134. Let a be w(-34). Let r(q) = -4 + q**2 - q**2 + q - 3*q**a + 2*q**2 - q**3. What is r(0)?
-4
Let o = -361 - -752. Suppose -385*n = -o*n + 24. Let c(x) = -5*x + 1. Determine c(n).
-19
Let h = 3 - 3. Suppose 0 = -5*b - 5 - h. Let s(k) = 21*k**2 - k + 2. Let q(j) = 32*j**2 - j + 3. Let o(u) = 5*q(u) - 7*s(u). What is o(b)?
12
Let p(s) be the second derivative of s**4/12 - 4*s**3 - 9*s**2/2 + 121*s - 6. Determine p(24).
-9
Let p(c) be the first derivative of -c**4/4 + 2*c**3/3 + c**2/2 + 598. Suppose -2*r = -0*r. Suppose r = -3*y - y + 12. Determine p(y).
-6
Let w(q) = -q**3 - 8*q**2 + 16*q - 10. Let t(b) = 3*b**3 + 21*b**2 - 50*b + 31. Let l(m) = 2*t(m) + 7*w(m). Give l(-15).
37
Let b(f) = 2*f**2 - 29*f + 15. Let g be b(14). Let y(k) = 1821*k**2 - 1819*k**2 - k**3 - 4*k**3 - 8*k**3 - g. Calculate y(1).
-12
Let i = 191 + -336. Let j = 147 + i. Let b(n) = -n**3 + 3*n**2 - n. Give b(j).
2
Let r(s) be the second derivative of 0 - 1/6*s